-26*k + 469 - 1 = 0. List the prime factors of k.
2, 3
Let p = 114 - -136. Let n = p + -63. What are the prime factors of n?
11, 17
Let c(d) = 2*d - 4. Let p(h) = h**3 - 6*h**2 + 4*h + 7. Let q be p(5). Let f be c(q). Suppose f*m - 105 = -5*m. What are the prime factors of m?
3, 7
Suppose 3*j = m - 201 + 54, -310 = -2*m + 2*j. Suppose 0 = 7*d - m - 940. What are the prime factors of d?
157
Let s(r) = r - 2. Let f(n) = n - 5*n - 5*n + 5*n. Let u be f(-1). List the prime factors of s(u).
2
Let i be (2/(-3))/((-3)/9). Suppose -282 = -2*t + 2*x, 288 = i*t - 2*x - 2*x. What are the prime factors of t?
2, 3, 23
Suppose -q - 13 = -3*j + 9, 0 = 5*j + 2*q - 44. Suppose 41 = 3*k + j. What are the prime factors of k?
11
Suppose 0 = 4*i + 5*i + 135. Let y = i + 46. What are the prime factors of y?
31
Suppose 4*f + 91 = 411. Suppose -3*k = -k - f. What are the prime factors of k?
2, 5
Let q(h) be the third derivative of h**5/24 - 5*h**4/24 + h**3/3 + 3*h**2. Let a(s) be the first derivative of q(s). What are the prime factors of a(5)?
2, 5
Suppose -5*m + 14168 = 3*l - 2282, -m = 2*l - 3297. List the prime factors of m.
19, 173
Suppose 5*z - 3904 = 896. What are the prime factors of z?
2, 3, 5
Suppose x - 2 = -5, 5*x = -5*s. Suppose -4*i - 164 = -4*o, 4*o - s*i = -0*o + 167. List the prime factors of o.
2, 11
Suppose 0 = 23*m + 21593 - 62188. What are the prime factors of m?
5, 353
Let t = -35 - -1. Let b = 35 - t. List the prime factors of b.
3, 23
List the prime factors of (-4)/22 + 77790/(-220)*-2.
7, 101
Let w(f) = 5*f**2 + 14*f + 1. What are the prime factors of w(-4)?
5
Let g = 2875 - 1571. What are the prime factors of g?
2, 163
Let z(i) = 9*i + 17. Let j be z(-3). List the prime factors of 360/(-54)*396/j.
2, 3, 11
Let y(f) = -3*f + 24. Let i be y(8). Suppose i*g = -2*g + 96. What are the prime factors of g?
2, 3
Suppose -27523 = -37*l + 9588. List the prime factors of l.
17, 59
Suppose -14*k + 8451 = -9161. List the prime factors of k.
2, 17, 37
List the prime factors of (3*716)/(-4)*(2 + -3).
3, 179
Let k = -443 + 796. What are the prime factors of k?
353
Suppose 14*v = 35*v - 6552. List the prime factors of v.
2, 3, 13
Let a be (-1)/2 - (-110)/(-4). Let n = -12 - a. Suppose -3*q + 6 = -6*q, n = j + 2*q. List the prime factors of j.
2, 5
Let g = 268 - 130. Suppose g = 6*l - 4*l. List the prime factors of l.
3, 23
Let q be -1*(1*-5 + -1). Let k(x) be the first derivative of x**4/4 - 2*x**3 + 2*x - 1. List the prime factors of k(q).
2
Suppose -23*u - 495 = -24*u. List the prime factors of u.
3, 5, 11
Let w be 2/(-8) + (-21)/(-4). Suppose -13 = 4*a - 17. Suppose w*k - 22 = o, -2*o = -k - 0*k - a. What are the prime factors of k?
5
Let i(d) be the third derivative of -9*d**6/40 - d**5/60 - 5*d**2. Let r be 2/(-4) - 2/4. What are the prime factors of i(r)?
2, 13
Let q(n) = 5*n. Let a be q(3). Let f = a + -9. Let o = f + 2. List the prime factors of o.
2
Let c = -21 - -31. Suppose 12 = 13*y - c*y. Suppose 2*m - y*r = 5*m - 31, -3*r = 2*m - 20. List the prime factors of m.
13
Suppose -5*z = f + 25, -4*f + 0*z - 136 = 2*z. What are the prime factors of 1839/15 - 14/f?
3, 41
Let u = 1748 + -6240. Let j = -2647 - u. What are the prime factors of (-2)/8 - j/(-36)?
3, 17
Let j = 316 + 66. List the prime factors of j.
2, 191
Let t(i) = 46*i**3 - 4*i**2 + 5*i - 4. What are the prime factors of t(2)?
2, 179
Let b = -266 - -416. List the prime factors of b.
2, 3, 5
Let k = 1218 + -245. List the prime factors of k.
7, 139
Let a(q) = 174*q**2 + 2*q - 1. Let s = -83 + 82. What are the prime factors of a(s)?
3, 19
Let v = -15 - -18. Let u = 361 + -229. Suppose 3*g - u = -4*i, -5*i = -5*g - v*i + 220. List the prime factors of g.
2, 11
Suppose 10 = -5*b - 5*x, 3*x = -0*b - 5*b. Let w(m) = 4*m**2 - m + 1. Let h be w(b). Let j = h + 12. List the prime factors of j.
2, 23
Suppose -8420 = -21*u + u. What are the prime factors of u?
421
Let d(r) = 16*r**3 - r**2 + 21*r + 835. Let u(t) = -3*t**3 - 4*t - 167. Let n(a) = -2*d(a) - 11*u(a). List the prime factors of n(0).
167
Let b(x) = -18*x**3 + x**2 + 4*x + 1. Suppose 0 = 3*z + a + 6, z - 5*a = 5*z + 8. List the prime factors of b(z).
3, 47
Suppose 0 = -38*j + 35*j + f + 3540, 3*f - 2371 = -2*j. What are the prime factors of j?
1181
Let f(l) = -467*l + 220. What are the prime factors of f(-8)?
2, 23, 43
Suppose 0 = 3*n - 4*n + 5. Suppose -3*m = -1 - n. Suppose 0 = -2*p + 22 + m. List the prime factors of p.
2, 3
Let r be (-1 - 2) + 3 + 5. Suppose -r*p + 26 = -19. Let l(g) = -g**3 + 8*g**2 + 10*g + 3. List the prime factors of l(p).
2, 3
Let n = 35 - -46. List the prime factors of n.
3
Suppose 3*q + 5*s + 495 = 2585, q - s = 702. List the prime factors of q.
2, 5, 7
Let a be 213*(-1)/(-2)*4/3. Suppose 23 = -t + a. List the prime factors of t.
7, 17
Suppose 12*v = -20871 + 81387. List the prime factors of v.
3, 41
Let m = -962 - -1641. List the prime factors of m.
7, 97
Suppose 5*u - 31 = -3*h + 4*h, -5*u + 3*h = -33. What are the prime factors of 717/u - 3/(-2)?
11
Let z(b) = -b**3 + 5*b**2 + 8*b - 9. Let g(t) = -t**2 + 6*t + 9. Let v be g(7). Suppose -5*n + 0*x - x + 34 = 0, 4*n = v*x + 16. List the prime factors of z(n).
3
Let f = 16 - 12. Let s(p) = -f*p + 0 - 6 + 9*p - 2. List the prime factors of s(11).
47
Let q = 559 - 949. Let i = -277 - q. What are the prime factors of i?
113
Suppose 0 = -5*q + 5*f + 9 + 26, -q = f - 5. Suppose q*h + h - 966 = 0. Let g = h - 72. List the prime factors of g.
2, 3, 11
Let a(b) = b**3 - 3*b - 87. Let d be a(0). Let w = -42 - d. List the prime factors of w.
3, 5
Let c = -130 + 296. List the prime factors of c.
2, 83
What are the prime factors of 3 + 300/8 - (-2)/(-4)?
2, 5
Let f be (-2)/(-3)*(-126)/(-12). Suppose f*s = 8*s - 42. What are the prime factors of s?
2, 3, 7
Suppose 29133 + 1152 = 15*t. List the prime factors of t.
3, 673
Let d(s) = s**3 + 194 + 0*s - 127 + 2*s. List the prime factors of d(0).
67
Suppose 2*j = -2*j + 36. Let y be (0 - -18)*j/(-18). Let r(h) = -3*h - 19. List the prime factors of r(y).
2
Let r(y) = y**3 - 5*y**2 - 7*y - 6. Let l be r(6). Let v be ((-16)/l)/(3/45). List the prime factors of (-1 + 2)*(3 + v).
23
List the prime factors of (56/(-35))/(83/85 - 1).
2, 17
Let d(j) = 348*j**2 - 28*j - 5. List the prime factors of d(2).
11
Let c(v) = -5*v - 9. Let i be c(-3). Let w(l) = -l**3 + 6*l**2 + 9*l + 8. List the prime factors of w(i).
2, 31
Suppose 10*u = 44 + 156. What are the prime factors of u?
2, 5
Suppose 6*c = 16 + 8. Suppose c*b - 8*b = -556. List the prime factors of b.
139
Let i be 3/3 + -3 + 0. Let b be (3 + 1/i)*2. Suppose 0 = -5*c - b*f + 115, -3*c = -2*c - 3*f - 39. What are the prime factors of c?
3
Let q(g) = 4*g**2 + 23*g - 3. Let d be q(-6). Suppose -2*p + 4*m = -170, d*p + 3*m = -0*m + 228. List the prime factors of p.
79
Let x(i) = 24*i**2 - 8. List the prime factors of x(2).
2, 11
Suppose 77 = 5*i + 2*u, u = -u - 8. Suppose 4*w - i = 83. What are the prime factors of w?
5
Suppose 2*d - g = d - 3, -d = -3*g + 9. Let u = 0 + 4. Suppose -u*r + 25 - 5 = d. List the prime factors of r.
5
Let y = 16 + -1. Suppose 37 = -4*x - 5*v + 176, v = -x + 35. Suppose -y = -u + x. List the prime factors of u.
3, 17
Suppose -30*z + 1259 - 29 = 0. What are the prime factors of z?
41
Let z be 1*(35/5 - 3). Let n(o) = 3*o**2 + 4*o + 2. List the prime factors of n(z).
2, 3, 11
What are the prime factors of -7 - -2181*7/21?
2, 3, 5
What are the prime factors of 8/10 - (-68)/(-10) - -1481?
5, 59
Let i be 4 - (0/(-1))/(-1 + -2). Suppose 5*g + 25 = 0, i*n + 2*g - 6*g - 332 = 0. List the prime factors of n.
2, 3, 13
Suppose 117*z - 108*z - 10332 = 0. What are the prime factors of z?
2, 7, 41
Let q(t) = -t**3 - 46*t**2 - 13*t + 130. What are the prime factors of q(-46)?
2, 7, 13
Let j = -138 - -225. Suppose 2*o = 4, n + 4*o - o - j = 0. List the prime factors of n.
3
Let j(k) = k**2 + k + 200. List the prime factors of j(0).
2, 5
Let s = -5374 - -7531. List the prime factors of s.
3, 719
Suppose -20 = 5*u, -3*u + u - 8 = 3*d. Suppose d = -f + 109 - 6. What are the prime factors of f?
103
Suppose 4*o = 5*o. Let i(x) = -4*x + 5*x**2 + 4 + 1 + o - 3. List the prime factors of i(2).
2, 7
Let b be (-2)/(-7) + 598/161. Suppose b*p - 12 = 0, 0*g = -5*g - 5*p + 220. Suppos